{"id":10,"date":"2015-08-22T19:21:15","date_gmt":"2015-08-22T17:21:15","guid":{"rendered":"http:\/\/www.scw.no\/wordpress\/?page_id=10"},"modified":"2023-01-08T14:44:18","modified_gmt":"2023-01-08T12:44:18","slug":"produktoversikt","status":"publish","type":"page","link":"https:\/\/scw.no\/?page_id=10","title":{"rendered":"Produktoversikt"},"content":{"rendered":"<p style=\"text-align: left;\"><a href=\"\/?page_id=77\">ANLEGG-, LAST-, OG TILHENGERDEKK<\/a><br \/>\n<a href=\"\/?page_id=77\"><img loading=\"lazy\" decoding=\"async\" class=\" wp-image-15 alignleft\" src=\"\/wp-content\/uploads\/2015\/08\/AnleggLastTilhengerDekk.png\" alt=\"AnleggLastTilhengerDekk\" width=\"81\" height=\"120\" \/><\/a><br \/>\nDekk som tilfredstiller nordiske f\u00f8reforhold<br \/>\nAlle dekk merket M+S<br \/>\nLagervarer\n<\/p>\n<p><br clear=\"all\" \/><\/p>\n<p style=\"text-align: left;\"><a href=\"\/?page_id=81\">ST\u00c5LFELG BUSS OG LAST<\/a><br \/>\n<a href=\"\/?page_id=81\"><img loading=\"lazy\" decoding=\"async\" class=\"wp-image-13 alignleft\" src=\"\/wp-content\/uploads\/2015\/08\/StalFelgBussLast.png\" alt=\"StalFelgBussLast\" width=\"96\" height=\"120\" \/><\/a><br \/>\nAnerkjente kvalitetsfelger<br \/>\nLagervarer\n<\/p>\n<p><br clear=\"all\" \/><\/p>\n<p style=\"text-align: left;\"><a href=\"\/?page_id=162\">REGUMMIERTE DEKK FRA POLEN<\/a><br \/>\n<a href=\"\/?page_id=162\"><img loading=\"lazy\" decoding=\"async\" class=\"wp-image-12 alignleft\" src=\"\/wp-content\/uploads\/2015\/08\/RegummierteDekk.png\" alt=\"RegummierteDekk\" width=\"77\" height=\"120\" \/><\/a><br \/>\nDe fleste m\u00f8nstre og dimensjoner kan skaffes\n<\/p>\n<p><br clear=\"all\" \/><\/p>\n<p style=\"text-align: left;\"><a href=\"\/?page_id=94\">RADIALE DUMPER- , HJULLASTER\u2013 OG KRANEBILDEKK<\/a><br \/>\n<a href=\"\/?page_id=94\"><img loading=\"lazy\" decoding=\"async\" class=\"wp-image-17 alignleft\" src=\"\/wp-content\/uploads\/2015\/08\/RadialeDumperHjullasterKranebilDekk.png\" alt=\"RadialeDumperHjullasterKranebilDekk\" width=\"80\" height=\"120\" \/><\/a><br \/>\nRadiale kvalitetsdekk med garanti<br \/>\nLagerf\u00f8rer stort utvalg. Kort leveringstid p\u00e5 spesielle m\u00f8nstre og dimensjoner\n<\/p>\n<p><br clear=\"all\" \/><\/p>\n<p style=\"text-align: left;\"><a href=\"\/?page_id=97\">ALUFELGER PERSONBIL<\/a><br \/>\n<a href=\"\/?page_id=97\"><img loading=\"lazy\" decoding=\"async\" class=\"wp-image-14 alignleft\" src=\"\/wp-content\/uploads\/2015\/08\/AlufelgerPersonbil.png\" alt=\"AlufelgerPersonbil\" width=\"122\" height=\"120\" \/><\/a><br \/>\nAlufelger fra en av Kinas st\u00f8rste produsenter<br \/>\nStort utvalg av design<br \/>\nAlt salg i hele containere\n<\/p>\n<p><br clear=\"all\" \/><\/p>\n","protected":false},"excerpt":{"rendered":"<p>ANLEGG-, LAST-, OG TILHENGERDEKK Dekk som tilfredstiller nordiske f\u00f8reforhold Alle dekk merket M+S Lagervarer ST\u00c5LFELG BUSS OG LAST Anerkjente kvalitetsfelger Lagervarer REGUMMIERTE DEKK FRA POLEN De fleste m\u00f8nstre og dimensjoner kan skaffes RADIALE DUMPER- , HJULLASTER\u2013 OG KRANEBILDEKK Radiale kvalitetsdekk med garanti Lagerf\u00f8rer stort utvalg. Kort leveringstid p\u00e5 spesielle m\u00f8nstre og dimensjoner ALUFELGER PERSONBIL Alufelger &hellip; <a href=\"https:\/\/scw.no\/?page_id=10\" class=\"more-link\">Fortsett \u00e5 lese <span class=\"screen-reader-text\">Produktoversikt<\/span> <span class=\"meta-nav\">&rarr;<\/span><\/a><\/p>\n","protected":false},"author":1,"featured_media":0,"parent":0,"menu_order":3,"comment_status":"closed","ping_status":"closed","template":"","meta":{"footnotes":""},"class_list":["post-10","page","type-page","status-publish","hentry"],"_links":{"self":[{"href":"https:\/\/scw.no\/index.php?rest_route=\/wp\/v2\/pages\/10","targetHints":{"allow":["GET"]}}],"collection":[{"href":"https:\/\/scw.no\/index.php?rest_route=\/wp\/v2\/pages"}],"about":[{"href":"https:\/\/scw.no\/index.php?rest_route=\/wp\/v2\/types\/page"}],"author":[{"embeddable":true,"href":"https:\/\/scw.no\/index.php?rest_route=\/wp\/v2\/users\/1"}],"replies":[{"embeddable":true,"href":"https:\/\/scw.no\/index.php?rest_route=%2Fwp%2Fv2%2Fcomments&post=10"}],"version-history":[{"count":35,"href":"https:\/\/scw.no\/index.php?rest_route=\/wp\/v2\/pages\/10\/revisions"}],"predecessor-version":[{"id":245,"href":"https:\/\/scw.no\/index.php?rest_route=\/wp\/v2\/pages\/10\/revisions\/245"}],"wp:attachment":[{"href":"https:\/\/scw.no\/index.php?rest_route=%2Fwp%2Fv2%2Fmedia&parent=10"}],"curies":[{"name":"wp","href":"https:\/\/api.w.org\/{rel}","templated":true}]}}